{"id":9,"date":"2024-04-01T19:00:06","date_gmt":"2024-04-01T19:00:06","guid":{"rendered":"https:\/\/gzs06.zappacorp.com\/index.php\/front_page\/"},"modified":"2024-05-06T23:37:38","modified_gmt":"2024-05-06T23:37:38","slug":"front_page-cafe","status":"publish","type":"page","link":"https:\/\/gzs06.zappacorp.com\/","title":{"rendered":"Home caf\u00e9 e gatos"},"content":{"rendered":"\n<p>O caf\u00e9 consumido nas cafeterias promove o bem-estar animal atrav\u00e9s da ado\u00e7\u00e3o respons\u00e1vel de gatos e proporcionado assim intera\u00e7\u00e3o entre estes e frequentadores na cafeteria.<\/p>\n\n\n\n<p>Gatos, caf\u00e9 e sustentabilidade podem parecer temas distantes, mas est\u00e3o mais interligados do que imaginamos. Em um mundo onde a consci\u00eancia ambiental est\u00e1 em ascens\u00e3o, \u00e9 essencial considerar como nossas escolhas di\u00e1rias desde o cuidado com nossos animais de estima\u00e7\u00e3o at\u00e9 o caf\u00e9 que bebemos  impactam o planeta.<\/p>\n\n\n\n<p><\/p>\n\n\n\n<p><\/p>\n\n\n\n<p><\/p>\n\n\n\n<p><\/p>\n\n\n\n<p><\/p>\n\n\n\n<p><\/p>\n\n\n\n<p><\/p>\n\n\n\n\n","protected":false},"excerpt":{"rendered":"<p>O caf\u00e9 consumido nas cafeterias promove o bem-estar animal atrav\u00e9s da ado\u00e7\u00e3o respons\u00e1vel de gatos e proporcionado assim intera\u00e7\u00e3o entre estes e frequentadores na cafeteria. Gatos, caf\u00e9 e sustentabilidade podem parecer temas distantes, mas est\u00e3o mais interligados do que imaginamos. Em um mundo onde a consci\u00eancia ambiental est\u00e1 em ascens\u00e3o, \u00e9 essencial considerar como nossas [&hellip;]<\/p>\n","protected":false},"author":1,"featured_media":0,"parent":0,"menu_order":0,"comment_status":"closed","ping_status":"closed","template":"","meta":{"saved_in_kubio":true,"footnotes":""},"kubio_ai_page_context":{"short_desc":"","purpose":"general"},"yoast_head":"<!-- This site is optimized with the Yoast SEO plugin v22.6 - https:\/\/yoast.com\/wordpress\/plugins\/seo\/ -->\n<title>Home caf\u00e9 e gatos - Catffeine<\/title>\n<meta name=\"description\" content=\"A cafeteria Catffeine proporciona um ambiente aconchegante e sustent\u00e1vel. Uma experi\u00eancia entre felinos e frequentadores que adoram caf\u00e9\" \/>\n<meta name=\"robots\" content=\"index, follow, max-snippet:-1, max-image-preview:large, max-video-preview:-1\" \/>\n<link rel=\"canonical\" href=\"https:\/\/gzs06.zappacorp.com\/\" \/>\n<meta property=\"og:locale\" content=\"pt_BR\" \/>\n<meta property=\"og:type\" content=\"article\" \/>\n<meta property=\"og:title\" content=\"Home caf\u00e9 e gatos - Catffeine\" \/>\n<meta property=\"og:description\" content=\"A cafeteria Catffeine proporciona um ambiente aconchegante e sustent\u00e1vel. Uma experi\u00eancia entre felinos e frequentadores que adoram caf\u00e9\" \/>\n<meta property=\"og:url\" content=\"https:\/\/gzs06.zappacorp.com\/\" \/>\n<meta property=\"og:site_name\" content=\"Catffeine\" \/>\n<meta property=\"article:modified_time\" content=\"2024-05-06T23:37:38+00:00\" \/>\n<meta name=\"twitter:card\" content=\"summary_large_image\" \/>\n<meta name=\"twitter:label1\" content=\"Est. tempo de leitura\" \/>\n\t<meta name=\"twitter:data1\" content=\"1 minuto\" \/>\n<script type=\"application\/ld+json\" class=\"yoast-schema-graph\">{\"@context\":\"https:\/\/schema.org\",\"@graph\":[{\"@type\":\"WebPage\",\"@id\":\"https:\/\/gzs06.zappacorp.com\/\",\"url\":\"https:\/\/gzs06.zappacorp.com\/\",\"name\":\"Home caf\u00e9 e gatos - Catffeine\",\"isPartOf\":{\"@id\":\"https:\/\/gzs06.zappacorp.com\/#website\"},\"datePublished\":\"2024-04-01T19:00:06+00:00\",\"dateModified\":\"2024-05-06T23:37:38+00:00\",\"description\":\"A cafeteria Catffeine proporciona um ambiente aconchegante e sustent\u00e1vel. Uma experi\u00eancia entre felinos e frequentadores que adoram caf\u00e9\",\"breadcrumb\":{\"@id\":\"https:\/\/gzs06.zappacorp.com\/#breadcrumb\"},\"inLanguage\":\"pt-BR\",\"potentialAction\":[{\"@type\":\"ReadAction\",\"target\":[\"https:\/\/gzs06.zappacorp.com\/\"]}]},{\"@type\":\"BreadcrumbList\",\"@id\":\"https:\/\/gzs06.zappacorp.com\/#breadcrumb\",\"itemListElement\":[{\"@type\":\"ListItem\",\"position\":1,\"name\":\"In\u00edcio\",\"item\":\"https:\/\/gzs06.zappacorp.com\/\"},{\"@type\":\"ListItem\",\"position\":2,\"name\":\"Home caf\u00e9 e gatos\"}]},{\"@type\":\"WebSite\",\"@id\":\"https:\/\/gzs06.zappacorp.com\/#website\",\"url\":\"https:\/\/gzs06.zappacorp.com\/\",\"name\":\"Catffeine\",\"description\":\"\",\"publisher\":{\"@id\":\"https:\/\/gzs06.zappacorp.com\/#organization\"},\"potentialAction\":[{\"@type\":\"SearchAction\",\"target\":{\"@type\":\"EntryPoint\",\"urlTemplate\":\"https:\/\/gzs06.zappacorp.com\/?s={search_term_string}\"},\"query-input\":\"required name=search_term_string\"}],\"inLanguage\":\"pt-BR\"},{\"@type\":\"Organization\",\"@id\":\"https:\/\/gzs06.zappacorp.com\/#organization\",\"name\":\"Catffeine\",\"url\":\"https:\/\/gzs06.zappacorp.com\/\",\"logo\":{\"@type\":\"ImageObject\",\"inLanguage\":\"pt-BR\",\"@id\":\"https:\/\/gzs06.zappacorp.com\/#\/schema\/logo\/image\/\",\"url\":\"https:\/\/gzs06.zappacorp.com\/wp-content\/uploads\/2024\/04\/Captura-de-tela_2-4-2024_141347_.jpeg\",\"contentUrl\":\"https:\/\/gzs06.zappacorp.com\/wp-content\/uploads\/2024\/04\/Captura-de-tela_2-4-2024_141347_.jpeg\",\"width\":554,\"height\":546,\"caption\":\"Catffeine\"},\"image\":{\"@id\":\"https:\/\/gzs06.zappacorp.com\/#\/schema\/logo\/image\/\"}}]}<\/script>\n<!-- \/ Yoast SEO plugin. -->","yoast_head_json":{"title":"Home caf\u00e9 e gatos - Catffeine","description":"A cafeteria Catffeine proporciona um ambiente aconchegante e sustent\u00e1vel. Uma experi\u00eancia entre felinos e frequentadores que adoram caf\u00e9","robots":{"index":"index","follow":"follow","max-snippet":"max-snippet:-1","max-image-preview":"max-image-preview:large","max-video-preview":"max-video-preview:-1"},"canonical":"https:\/\/gzs06.zappacorp.com\/","og_locale":"pt_BR","og_type":"article","og_title":"Home caf\u00e9 e gatos - Catffeine","og_description":"A cafeteria Catffeine proporciona um ambiente aconchegante e sustent\u00e1vel. Uma experi\u00eancia entre felinos e frequentadores que adoram caf\u00e9","og_url":"https:\/\/gzs06.zappacorp.com\/","og_site_name":"Catffeine","article_modified_time":"2024-05-06T23:37:38+00:00","twitter_card":"summary_large_image","twitter_misc":{"Est. tempo de leitura":"1 minuto"},"schema":{"@context":"https:\/\/schema.org","@graph":[{"@type":"WebPage","@id":"https:\/\/gzs06.zappacorp.com\/","url":"https:\/\/gzs06.zappacorp.com\/","name":"Home caf\u00e9 e gatos - Catffeine","isPartOf":{"@id":"https:\/\/gzs06.zappacorp.com\/#website"},"datePublished":"2024-04-01T19:00:06+00:00","dateModified":"2024-05-06T23:37:38+00:00","description":"A cafeteria Catffeine proporciona um ambiente aconchegante e sustent\u00e1vel. Uma experi\u00eancia entre felinos e frequentadores que adoram caf\u00e9","breadcrumb":{"@id":"https:\/\/gzs06.zappacorp.com\/#breadcrumb"},"inLanguage":"pt-BR","potentialAction":[{"@type":"ReadAction","target":["https:\/\/gzs06.zappacorp.com\/"]}]},{"@type":"BreadcrumbList","@id":"https:\/\/gzs06.zappacorp.com\/#breadcrumb","itemListElement":[{"@type":"ListItem","position":1,"name":"In\u00edcio","item":"https:\/\/gzs06.zappacorp.com\/"},{"@type":"ListItem","position":2,"name":"Home caf\u00e9 e gatos"}]},{"@type":"WebSite","@id":"https:\/\/gzs06.zappacorp.com\/#website","url":"https:\/\/gzs06.zappacorp.com\/","name":"Catffeine","description":"","publisher":{"@id":"https:\/\/gzs06.zappacorp.com\/#organization"},"potentialAction":[{"@type":"SearchAction","target":{"@type":"EntryPoint","urlTemplate":"https:\/\/gzs06.zappacorp.com\/?s={search_term_string}"},"query-input":"required name=search_term_string"}],"inLanguage":"pt-BR"},{"@type":"Organization","@id":"https:\/\/gzs06.zappacorp.com\/#organization","name":"Catffeine","url":"https:\/\/gzs06.zappacorp.com\/","logo":{"@type":"ImageObject","inLanguage":"pt-BR","@id":"https:\/\/gzs06.zappacorp.com\/#\/schema\/logo\/image\/","url":"https:\/\/gzs06.zappacorp.com\/wp-content\/uploads\/2024\/04\/Captura-de-tela_2-4-2024_141347_.jpeg","contentUrl":"https:\/\/gzs06.zappacorp.com\/wp-content\/uploads\/2024\/04\/Captura-de-tela_2-4-2024_141347_.jpeg","width":554,"height":546,"caption":"Catffeine"},"image":{"@id":"https:\/\/gzs06.zappacorp.com\/#\/schema\/logo\/image\/"}}]}},"_links":{"self":[{"href":"https:\/\/gzs06.zappacorp.com\/index.php\/wp-json\/wp\/v2\/pages\/9"}],"collection":[{"href":"https:\/\/gzs06.zappacorp.com\/index.php\/wp-json\/wp\/v2\/pages"}],"about":[{"href":"https:\/\/gzs06.zappacorp.com\/index.php\/wp-json\/wp\/v2\/types\/page"}],"author":[{"embeddable":true,"href":"https:\/\/gzs06.zappacorp.com\/index.php\/wp-json\/wp\/v2\/users\/1"}],"replies":[{"embeddable":true,"href":"https:\/\/gzs06.zappacorp.com\/index.php\/wp-json\/wp\/v2\/comments?post=9"}],"version-history":[{"count":15,"href":"https:\/\/gzs06.zappacorp.com\/index.php\/wp-json\/wp\/v2\/pages\/9\/revisions"}],"predecessor-version":[{"id":380,"href":"https:\/\/gzs06.zappacorp.com\/index.php\/wp-json\/wp\/v2\/pages\/9\/revisions\/380"}],"wp:attachment":[{"href":"https:\/\/gzs06.zappacorp.com\/index.php\/wp-json\/wp\/v2\/media?parent=9"}],"curies":[{"name":"wp","href":"https:\/\/api.w.org\/{rel}","templated":true}]}}