{"id":162,"date":"2024-04-29T03:04:55","date_gmt":"2024-04-29T03:04:55","guid":{"rendered":"https:\/\/gzs06.zappacorp.com\/?page_id=162"},"modified":"2024-05-06T22:32:00","modified_gmt":"2024-05-06T22:32:00","slug":"fatos-sobre-o-cafe","status":"publish","type":"page","link":"https:\/\/gzs06.zappacorp.com\/index.php\/fatos-sobre-o-cafe\/","title":{"rendered":"O caf\u00e9 fatos sobre o produto"},"content":{"rendered":"\n<figure class=\"wp-block-image size-large is-resized\"><img loading=\"lazy\" decoding=\"async\" width=\"1024\" height=\"768\" src=\"https:\/\/gzs06.zappacorp.com\/wp-content\/uploads\/2024\/04\/foto-cafe-1024x768.jpg\" alt=\"\" class=\"wp-image-163\" style=\"width:448px;height:auto\" srcset=\"https:\/\/gzs06.zappacorp.com\/wp-content\/uploads\/2024\/04\/foto-cafe-1024x768.jpg 1024w, https:\/\/gzs06.zappacorp.com\/wp-content\/uploads\/2024\/04\/foto-cafe-300x225.jpg 300w, https:\/\/gzs06.zappacorp.com\/wp-content\/uploads\/2024\/04\/foto-cafe-768x576.jpg 768w, https:\/\/gzs06.zappacorp.com\/wp-content\/uploads\/2024\/04\/foto-cafe-1536x1152.jpg 1536w, https:\/\/gzs06.zappacorp.com\/wp-content\/uploads\/2024\/04\/foto-cafe-1440x1080.jpg 1440w, https:\/\/gzs06.zappacorp.com\/wp-content\/uploads\/2024\/04\/foto-cafe.jpg 1600w\" sizes=\"(max-width: 1024px) 100vw, 1024px\" \/><\/figure>\n\n\n\n<h3 class=\"wp-block-heading\">Como o gr\u00e3o chegou ao Brasil?<\/h3>\n\n\n\n<p>O caf\u00e9, apesar de ter inspirado v\u00e1rias hist\u00f3rias de amor e aventura. Temos que a hist\u00f3ria mais comum entre os portugueses relata que\u00a0Francisco de Melo Palheta\u00a0seduziu a esposa do governador da Ilha da Martinica, um territ\u00f3rio franc\u00eas na \u00e9poca, e ela lhe deu mudas das plantas como presente. Assim, em 1727,\u00a0Francisco de Melo Palheta\u00a0iniciou a primeira planta\u00e7\u00e3o no Par\u00e1, que se espalhou por todo o pa\u00eds.<\/p>\n\n\n\n<p>Dessa forma a planta se adaptou melhor na regi\u00e3o sudeste, gra\u00e7as ao clima e ao solo favor\u00e1veis, al\u00e9m da abund\u00e2ncia de \u00e1gua. Nesse vi\u00e9s, uma curiosidade sobre este gr\u00e3o \u00e9 que o arbusto prefere crescer em terras \u00edngremes e em ambientes com temperaturas m\u00e9dias entre\u00a015\u00ba e 24\u00ba graus.<\/p>\n\n\n\n<h3 class=\"wp-block-heading\">Alguns pontos interessantes sobre o caf\u00e9 <\/h3>\n\n\n\n<p>Por isso, de acordo com o site <a href=\"https:\/\/www.bbc.com\/portuguese\/curiosidades-60809752\">Dia Mundial do Caf\u00e9: 13 fatos que talvez voc\u00ea desconhe\u00e7a sobre essa bebida<\/a> temos alguns aspectos relevantes:<\/p>\n\n\n\n<p>1.Algumas pessoas usam a cereja do caf\u00e9 desperdi\u00e7ada para fazer farinha. Assim pode ser usada em muffins, p\u00e3es, chocolates, molhos, etc.<\/p>\n\n\n\n<p>2.O gr\u00e3o mais caro do mundo \u00e9 feito a partir dos excrementos da civeta de palmeira asi\u00e1tica ou de elefantes.&nbsp;Um pacote de 500 gramas desses gr\u00e3os pode chegar a US$ 700 em lojas de varejo de luxo.<\/p>\n\n\n\n<p>3.O mundo consome cerca de 2,25 bilh\u00f5es de x\u00edcaras desta bebida por dia.<\/p>\n\n\n\n<p>4.O Brasil produz cerca de 30 milh\u00f5es de sacas deste produto anualmente.<\/p>\n\n\n\n<p>5.O caf\u00e9 \u00e9, na verdade, uma cereja. Assim os gr\u00e3os que voc\u00ea prepara s\u00e3o, na verdade, as sementes torradas de um fruto, que \u00e9 conhecido como gr\u00e3o cereja ou simplesmente cereja de caf\u00e9.<\/p>\n\n\n\n<p>6.Ap\u00f3s o primeiro gole na bebida, o efeito da cafe\u00edna surge em 10 minutos.<\/p>\n\n\n\n<p>7.As abelhas amam caf\u00e9.<\/p>\n\n\n\n<p>8.O efeito da cafe\u00edna permanece no organismo por cerca de 3 horas.<\/p>\n\n\n\n<div class=\"wp-block-contact-form-7-contact-form-selector\">\n<div class=\"wpcf7 no-js\" id=\"wpcf7-f236-o1\" lang=\"pt-BR\" dir=\"ltr\">\n<div class=\"screen-reader-response\"><p role=\"status\" aria-live=\"polite\" aria-atomic=\"true\"><\/p> <ul><\/ul><\/div>\n<form action=\"\/index.php\/wp-json\/wp\/v2\/pages\/162#wpcf7-f236-o1\" method=\"post\" class=\"wpcf7-form init\" aria-label=\"Formul\u00e1rios de contato\" novalidate=\"novalidate\" data-status=\"init\">\n<div style=\"display: none;\">\n<input type=\"hidden\" name=\"_wpcf7\" value=\"236\" \/>\n<input type=\"hidden\" name=\"_wpcf7_version\" value=\"5.9.3\" \/>\n<input type=\"hidden\" name=\"_wpcf7_locale\" value=\"pt_BR\" \/>\n<input type=\"hidden\" name=\"_wpcf7_unit_tag\" value=\"wpcf7-f236-o1\" \/>\n<input type=\"hidden\" name=\"_wpcf7_container_post\" value=\"0\" \/>\n<input type=\"hidden\" name=\"_wpcf7_posted_data_hash\" value=\"\" \/>\n<\/div>\n<p><label> Seu nome<br \/>\n<span class=\"wpcf7-form-control-wrap\" data-name=\"your-name\"><input size=\"40\" class=\"wpcf7-form-control wpcf7-text wpcf7-validates-as-required\" autocomplete=\"name\" aria-required=\"true\" aria-invalid=\"false\" value=\"\" type=\"text\" name=\"your-name\" \/><\/span> <\/label>\n<\/p>\n<p><label> Seu e-mail<br \/>\n<span class=\"wpcf7-form-control-wrap\" data-name=\"your-email\"><input size=\"40\" class=\"wpcf7-form-control wpcf7-email wpcf7-validates-as-required wpcf7-text wpcf7-validates-as-email\" autocomplete=\"email\" aria-required=\"true\" aria-invalid=\"false\" value=\"\" type=\"email\" name=\"your-email\" \/><\/span> <\/label>\n<\/p>\n<p><label> Cidade<br \/>\n<span class=\"wpcf7-form-control-wrap\" data-name=\"your-subject\"><input size=\"40\" class=\"wpcf7-form-control wpcf7-text wpcf7-validates-as-required\" aria-required=\"true\" aria-invalid=\"false\" value=\"\" type=\"text\" name=\"your-subject\" \/><\/span> <\/label>\n<\/p>\n<p><label> Voc\u00ea gosta de caf\u00e9 ? <\/label>\n<\/p>\n<p><span class=\"wpcf7-form-control-wrap\" data-name=\"radio-973\"><span class=\"wpcf7-form-control wpcf7-radio\"><span class=\"wpcf7-list-item first\"><label><input type=\"radio\" name=\"radio-973\" value=\"Sim\" checked=\"checked\" \/><span class=\"wpcf7-list-item-label\">Sim<\/span><\/label><\/span><span class=\"wpcf7-list-item last\"><label><input type=\"radio\" name=\"radio-973\" value=\"N\u00e3o\" \/><span class=\"wpcf7-list-item-label\">N\u00e3o<\/span><\/label><\/span><\/span><\/span>\n<\/p>\n<p><label> Qual dos fatos voc\u00ea entende ser mais fascinante ou curioso sobre o caf\u00e9 ? (deixe seu coment\u00e1rio)<br \/>\n<span class=\"wpcf7-form-control-wrap\" data-name=\"your-message\"><textarea cols=\"40\" rows=\"10\" class=\"wpcf7-form-control wpcf7-textarea\" aria-invalid=\"false\" name=\"your-message\"><\/textarea><\/span> <\/label>\n<\/p>\n<p><input class=\"wpcf7-form-control wpcf7-submit has-spinner\" type=\"submit\" value=\"Enviar\" \/>\n<\/p><div class=\"wpcf7-response-output\" aria-hidden=\"true\"><\/div>\n<\/form>\n<\/div>\n<\/div>\n","protected":false},"excerpt":{"rendered":"<p>Como o gr\u00e3o chegou ao Brasil? O caf\u00e9, apesar de ter inspirado v\u00e1rias hist\u00f3rias de amor e aventura. Temos que a hist\u00f3ria mais comum entre os portugueses relata que\u00a0Francisco de Melo Palheta\u00a0seduziu a esposa do governador da Ilha da Martinica, um territ\u00f3rio franc\u00eas na \u00e9poca, e ela lhe deu mudas das plantas como presente. Assim, [&hellip;]<\/p>\n","protected":false},"author":3,"featured_media":0,"parent":0,"menu_order":0,"comment_status":"closed","ping_status":"closed","template":"","meta":{"saved_in_kubio":false,"footnotes":"[]"},"kubio_ai_page_context":{"short_desc":"","purpose":"general"},"yoast_head":"<!-- This site is optimized with the Yoast SEO plugin v22.6 - https:\/\/yoast.com\/wordpress\/plugins\/seo\/ -->\n<title>O caf\u00e9 fatos sobre o produto - Catffeine<\/title>\n<meta name=\"description\" content=\"O caf\u00e9 na verdade s\u00e3o sementes torradas de um fruto, que \u00e9 conhecido como gr\u00e3o cereja ou simplesmente cereja do caf\u00e9\" \/>\n<meta name=\"robots\" content=\"index, follow, max-snippet:-1, max-image-preview:large, max-video-preview:-1\" \/>\n<link rel=\"canonical\" href=\"https:\/\/gzs06.zappacorp.com\/index.php\/fatos-sobre-o-cafe\/\" \/>\n<meta property=\"og:locale\" content=\"pt_BR\" \/>\n<meta property=\"og:type\" content=\"article\" \/>\n<meta property=\"og:title\" content=\"O caf\u00e9 fatos sobre o produto - Catffeine\" \/>\n<meta property=\"og:description\" content=\"O caf\u00e9 na verdade s\u00e3o sementes torradas de um fruto, que \u00e9 conhecido como gr\u00e3o cereja ou simplesmente cereja do caf\u00e9\" \/>\n<meta property=\"og:url\" content=\"https:\/\/gzs06.zappacorp.com\/index.php\/fatos-sobre-o-cafe\/\" \/>\n<meta property=\"og:site_name\" content=\"Catffeine\" \/>\n<meta property=\"article:modified_time\" content=\"2024-05-06T22:32:00+00:00\" \/>\n<meta property=\"og:image\" content=\"https:\/\/gzs06.zappacorp.com\/wp-content\/uploads\/2024\/04\/foto-cafe-1024x768.jpg\" \/>\n<meta name=\"twitter:card\" content=\"summary_large_image\" \/>\n<meta name=\"twitter:label1\" content=\"Est. tempo de leitura\" \/>\n\t<meta name=\"twitter:data1\" content=\"2 minutos\" \/>\n<script type=\"application\/ld+json\" class=\"yoast-schema-graph\">{\"@context\":\"https:\/\/schema.org\",\"@graph\":[{\"@type\":\"WebPage\",\"@id\":\"https:\/\/gzs06.zappacorp.com\/index.php\/fatos-sobre-o-cafe\/\",\"url\":\"https:\/\/gzs06.zappacorp.com\/index.php\/fatos-sobre-o-cafe\/\",\"name\":\"O caf\u00e9 fatos sobre o produto - Catffeine\",\"isPartOf\":{\"@id\":\"https:\/\/gzs06.zappacorp.com\/#website\"},\"primaryImageOfPage\":{\"@id\":\"https:\/\/gzs06.zappacorp.com\/index.php\/fatos-sobre-o-cafe\/#primaryimage\"},\"image\":{\"@id\":\"https:\/\/gzs06.zappacorp.com\/index.php\/fatos-sobre-o-cafe\/#primaryimage\"},\"thumbnailUrl\":\"https:\/\/gzs06.zappacorp.com\/wp-content\/uploads\/2024\/04\/foto-cafe-1024x768.jpg\",\"datePublished\":\"2024-04-29T03:04:55+00:00\",\"dateModified\":\"2024-05-06T22:32:00+00:00\",\"description\":\"O caf\u00e9 na verdade s\u00e3o sementes torradas de um fruto, que \u00e9 conhecido como gr\u00e3o cereja ou simplesmente cereja do caf\u00e9\",\"breadcrumb\":{\"@id\":\"https:\/\/gzs06.zappacorp.com\/index.php\/fatos-sobre-o-cafe\/#breadcrumb\"},\"inLanguage\":\"pt-BR\",\"potentialAction\":[{\"@type\":\"ReadAction\",\"target\":[\"https:\/\/gzs06.zappacorp.com\/index.php\/fatos-sobre-o-cafe\/\"]}]},{\"@type\":\"ImageObject\",\"inLanguage\":\"pt-BR\",\"@id\":\"https:\/\/gzs06.zappacorp.com\/index.php\/fatos-sobre-o-cafe\/#primaryimage\",\"url\":\"https:\/\/gzs06.zappacorp.com\/wp-content\/uploads\/2024\/04\/foto-cafe.jpg\",\"contentUrl\":\"https:\/\/gzs06.zappacorp.com\/wp-content\/uploads\/2024\/04\/foto-cafe.jpg\",\"width\":1600,\"height\":1200},{\"@type\":\"BreadcrumbList\",\"@id\":\"https:\/\/gzs06.zappacorp.com\/index.php\/fatos-sobre-o-cafe\/#breadcrumb\",\"itemListElement\":[{\"@type\":\"ListItem\",\"position\":1,\"name\":\"In\u00edcio\",\"item\":\"https:\/\/gzs06.zappacorp.com\/\"},{\"@type\":\"ListItem\",\"position\":2,\"name\":\"O caf\u00e9 fatos sobre o produto\"}]},{\"@type\":\"WebSite\",\"@id\":\"https:\/\/gzs06.zappacorp.com\/#website\",\"url\":\"https:\/\/gzs06.zappacorp.com\/\",\"name\":\"Catffeine\",\"description\":\"\",\"publisher\":{\"@id\":\"https:\/\/gzs06.zappacorp.com\/#organization\"},\"potentialAction\":[{\"@type\":\"SearchAction\",\"target\":{\"@type\":\"EntryPoint\",\"urlTemplate\":\"https:\/\/gzs06.zappacorp.com\/?s={search_term_string}\"},\"query-input\":\"required name=search_term_string\"}],\"inLanguage\":\"pt-BR\"},{\"@type\":\"Organization\",\"@id\":\"https:\/\/gzs06.zappacorp.com\/#organization\",\"name\":\"Catffeine\",\"url\":\"https:\/\/gzs06.zappacorp.com\/\",\"logo\":{\"@type\":\"ImageObject\",\"inLanguage\":\"pt-BR\",\"@id\":\"https:\/\/gzs06.zappacorp.com\/#\/schema\/logo\/image\/\",\"url\":\"https:\/\/gzs06.zappacorp.com\/wp-content\/uploads\/2024\/04\/Captura-de-tela_2-4-2024_141347_.jpeg\",\"contentUrl\":\"https:\/\/gzs06.zappacorp.com\/wp-content\/uploads\/2024\/04\/Captura-de-tela_2-4-2024_141347_.jpeg\",\"width\":554,\"height\":546,\"caption\":\"Catffeine\"},\"image\":{\"@id\":\"https:\/\/gzs06.zappacorp.com\/#\/schema\/logo\/image\/\"}}]}<\/script>\n<!-- \/ Yoast SEO plugin. -->","yoast_head_json":{"title":"O caf\u00e9 fatos sobre o produto - Catffeine","description":"O caf\u00e9 na verdade s\u00e3o sementes torradas de um fruto, que \u00e9 conhecido como gr\u00e3o cereja ou simplesmente cereja do caf\u00e9","robots":{"index":"index","follow":"follow","max-snippet":"max-snippet:-1","max-image-preview":"max-image-preview:large","max-video-preview":"max-video-preview:-1"},"canonical":"https:\/\/gzs06.zappacorp.com\/index.php\/fatos-sobre-o-cafe\/","og_locale":"pt_BR","og_type":"article","og_title":"O caf\u00e9 fatos sobre o produto - Catffeine","og_description":"O caf\u00e9 na verdade s\u00e3o sementes torradas de um fruto, que \u00e9 conhecido como gr\u00e3o cereja ou simplesmente cereja do caf\u00e9","og_url":"https:\/\/gzs06.zappacorp.com\/index.php\/fatos-sobre-o-cafe\/","og_site_name":"Catffeine","article_modified_time":"2024-05-06T22:32:00+00:00","og_image":[{"url":"https:\/\/gzs06.zappacorp.com\/wp-content\/uploads\/2024\/04\/foto-cafe-1024x768.jpg"}],"twitter_card":"summary_large_image","twitter_misc":{"Est. tempo de leitura":"2 minutos"},"schema":{"@context":"https:\/\/schema.org","@graph":[{"@type":"WebPage","@id":"https:\/\/gzs06.zappacorp.com\/index.php\/fatos-sobre-o-cafe\/","url":"https:\/\/gzs06.zappacorp.com\/index.php\/fatos-sobre-o-cafe\/","name":"O caf\u00e9 fatos sobre o produto - Catffeine","isPartOf":{"@id":"https:\/\/gzs06.zappacorp.com\/#website"},"primaryImageOfPage":{"@id":"https:\/\/gzs06.zappacorp.com\/index.php\/fatos-sobre-o-cafe\/#primaryimage"},"image":{"@id":"https:\/\/gzs06.zappacorp.com\/index.php\/fatos-sobre-o-cafe\/#primaryimage"},"thumbnailUrl":"https:\/\/gzs06.zappacorp.com\/wp-content\/uploads\/2024\/04\/foto-cafe-1024x768.jpg","datePublished":"2024-04-29T03:04:55+00:00","dateModified":"2024-05-06T22:32:00+00:00","description":"O caf\u00e9 na verdade s\u00e3o sementes torradas de um fruto, que \u00e9 conhecido como gr\u00e3o cereja ou simplesmente cereja do caf\u00e9","breadcrumb":{"@id":"https:\/\/gzs06.zappacorp.com\/index.php\/fatos-sobre-o-cafe\/#breadcrumb"},"inLanguage":"pt-BR","potentialAction":[{"@type":"ReadAction","target":["https:\/\/gzs06.zappacorp.com\/index.php\/fatos-sobre-o-cafe\/"]}]},{"@type":"ImageObject","inLanguage":"pt-BR","@id":"https:\/\/gzs06.zappacorp.com\/index.php\/fatos-sobre-o-cafe\/#primaryimage","url":"https:\/\/gzs06.zappacorp.com\/wp-content\/uploads\/2024\/04\/foto-cafe.jpg","contentUrl":"https:\/\/gzs06.zappacorp.com\/wp-content\/uploads\/2024\/04\/foto-cafe.jpg","width":1600,"height":1200},{"@type":"BreadcrumbList","@id":"https:\/\/gzs06.zappacorp.com\/index.php\/fatos-sobre-o-cafe\/#breadcrumb","itemListElement":[{"@type":"ListItem","position":1,"name":"In\u00edcio","item":"https:\/\/gzs06.zappacorp.com\/"},{"@type":"ListItem","position":2,"name":"O caf\u00e9 fatos sobre o produto"}]},{"@type":"WebSite","@id":"https:\/\/gzs06.zappacorp.com\/#website","url":"https:\/\/gzs06.zappacorp.com\/","name":"Catffeine","description":"","publisher":{"@id":"https:\/\/gzs06.zappacorp.com\/#organization"},"potentialAction":[{"@type":"SearchAction","target":{"@type":"EntryPoint","urlTemplate":"https:\/\/gzs06.zappacorp.com\/?s={search_term_string}"},"query-input":"required name=search_term_string"}],"inLanguage":"pt-BR"},{"@type":"Organization","@id":"https:\/\/gzs06.zappacorp.com\/#organization","name":"Catffeine","url":"https:\/\/gzs06.zappacorp.com\/","logo":{"@type":"ImageObject","inLanguage":"pt-BR","@id":"https:\/\/gzs06.zappacorp.com\/#\/schema\/logo\/image\/","url":"https:\/\/gzs06.zappacorp.com\/wp-content\/uploads\/2024\/04\/Captura-de-tela_2-4-2024_141347_.jpeg","contentUrl":"https:\/\/gzs06.zappacorp.com\/wp-content\/uploads\/2024\/04\/Captura-de-tela_2-4-2024_141347_.jpeg","width":554,"height":546,"caption":"Catffeine"},"image":{"@id":"https:\/\/gzs06.zappacorp.com\/#\/schema\/logo\/image\/"}}]}},"_links":{"self":[{"href":"https:\/\/gzs06.zappacorp.com\/index.php\/wp-json\/wp\/v2\/pages\/162"}],"collection":[{"href":"https:\/\/gzs06.zappacorp.com\/index.php\/wp-json\/wp\/v2\/pages"}],"about":[{"href":"https:\/\/gzs06.zappacorp.com\/index.php\/wp-json\/wp\/v2\/types\/page"}],"author":[{"embeddable":true,"href":"https:\/\/gzs06.zappacorp.com\/index.php\/wp-json\/wp\/v2\/users\/3"}],"replies":[{"embeddable":true,"href":"https:\/\/gzs06.zappacorp.com\/index.php\/wp-json\/wp\/v2\/comments?post=162"}],"version-history":[{"count":35,"href":"https:\/\/gzs06.zappacorp.com\/index.php\/wp-json\/wp\/v2\/pages\/162\/revisions"}],"predecessor-version":[{"id":357,"href":"https:\/\/gzs06.zappacorp.com\/index.php\/wp-json\/wp\/v2\/pages\/162\/revisions\/357"}],"wp:attachment":[{"href":"https:\/\/gzs06.zappacorp.com\/index.php\/wp-json\/wp\/v2\/media?parent=162"}],"curies":[{"name":"wp","href":"https:\/\/api.w.org\/{rel}","templated":true}]}}